e remainder when 1079 is divided by 578.
501
What is the remainder when 3052 is divided by 191?
187
Calculate the remainder when 1089 is divided by 12.
9
What is the remainder when 1191 is divided by 118?
11
Calculate the remainder when 3597 is divided by 50.
47
Calculate the remainder when 42 is divided by 15.
12
Calculate the remainder when 75 is divided by 37.
1
What is the remainder when 160 is divided by 23?
22
What is the remainder when 436 is divided by 17?
11
Calculate the remainder when 341 is divided by 93.
62
Calculate the remainder when 99 is divided by 51.
48
What is the remainder when 1867 is divided by 170?
167
What is the remainder when 594 is divided by 4?
2
What is the remainder when 6606 is divided by 64?
14
Calculate the remainder when 33 is divided by 9.
6
What is the remainder when 127 is divided by 33?
28
What is the remainder when 204 is divided by 9?
6
What is the remainder when 659 is divided by 60?
59
Calculate the remainder when 203 is divided by 11.
5
What is the remainder when 251 is divided by 129?
122
Calculate the remainder when 979 is divided by 75.
4
Calculate the remainder when 223 is divided by 10.
3
What is the remainder when 1709 is divided by 414?
53
What is the remainder when 1988 is divided by 285?
278
What is the remainder when 13773 is divided by 41?
38
Calculate the remainder when 363 is divided by 28.
27
Calculate the remainder when 348 is divided by 87.
0
What is the remainder when 216 is divided by 10?
6
What is the remainder when 102 is divided by 56?
46
Calculate the remainder when 320 is divided by 114.
92
What is the remainder when 137 is divided by 35?
32
Calculate the remainder when 110 is divided by 36.
2
What is the remainder when 162 is divided by 33?
30
What is the remainder when 547 is divided by 61?
59
What is the remainder when 57 is divided by 26?
5
What is the remainder when 618 is divided by 616?
2
What is the remainder when 1422 is divided by 89?
87
What is the remainder when 94 is divided by 39?
16
Calculate the remainder when 89 is divided by 30.
29
What is the remainder when 11540 is divided by 8?
4
Calculate the remainder when 1366 is divided by 197.
184
What is the remainder when 926 is divided by 227?
18
What is the remainder when 2497 is divided by 2492?
5
Calculate the remainder when 1237 is divided by 40.
37
What is the remainder when 16617 is divided by 60?
57
Calculate the remainder when 147 is divided by 35.
7
Calculate the remainder when 511 is divided by 220.
71
Calculate the remainder when 2639 is divided by 27.
20
Calculate the remainder when 179 is divided by 26.
23
What is the remainder when 469 is divided by 457?
12
What is the remainder when 231 is divided by 68?
27
What is the remainder when 438 is divided by 44?
42
What is the remainder when 40 is divided by 12?
4
Calculate the remainder when 88 is divided by 28.
4
What is the remainder when 108 is divided by 56?
52
Calculate the remainder when 208 is divided by 37.
23
What is the remainder when 99 is divided by 10?
9
What is the remainder when 175 is divided by 86?
3
Calculate the remainder when 171 is divided by 83.
5
What is the remainder when 1580 is divided by 32?
12
What is the remainder when 632 is divided by 106?
102
What is the remainder when 564 is divided by 111?
9
What is the remainder when 623 is divided by 12?
11
Calculate the remainder when 144 is divided by 38.
30
Calculate the remainder when 1571 is divided by 131.
130
What is the remainder when 1033 is divided by 6?
1
Calculate the remainder when 145 is divided by 19.
12
Calculate the remainder when 55 is divided by 42.
13
Calculate the remainder when 4730 is divided by 1571.
17
Calculate the remainder when 336 is divided by 165.
6
Calculate the remainder when 1401 is divided by 54.
51
What is the remainder when 169 is divided by 59?
51
Calculate the remainder when 215 is divided by 101.
13
What is the remainder when 108 is divided by 62?
46
What is the remainder when 916 is divided by 27?
25
Calculate the remainder when 231 is divided by 84.
63
What is the remainder when 323 is divided by 85?
68
Calculate the remainder when 218 is divided by 126.
92
Calculate the remainder when 477 is divided by 31.
12
What is the remainder when 2219 is divided by 148?
147
Calculate the remainder when 2012 is divided by 33.
32
What is the remainder when 29549 is divided by 16?
13
What is the remainder when 1601 is divided by 22?
17
Calculate the remainder when 16139 is divided by 60.
59
Calculate the remainder when 133 is divided by 118.
15
Calculate the remainder when 109 is divided by 39.
31
What is the remainder when 133 is divided by 45?
43
Calculate the remainder when 75 is divided by 13.
10
What is the remainder when 1738 is divided by 162?
118
Calculate the remainder when 52 is divided by 28.
24
Calculate the remainder when 322 is divided by 65.
62
What is the remainder when 305 is divided by 7?
4
Calculate the remainder when 31 is divided by 17.
14
What is the remainder when 766 is divided by 13?
12
What is the remainder when 66 is divided by 33?
0
Calculate the remainder when 752 is divided by 58.
56
What is the remainder when 142 is divided by 85?
57
What is the remainder when 287 is divided by 101?
85
Calculate the remainder when 4044 is divided by 253.
249
What is the remainder when 609 is divided by 18?
15
What is the remainder when 571 is divided by 22?
21
What is the remainder when 524 is divided by 444?
80
Calculate the remainder when 82 is divided by 29.
24
What is the remainder when 3021 is divided by 63?
60
What is the remainder when 126 is divided by 26?
22
Calculate the remainder when 1562 is divided by 54.
50
Calculate the remainder when 732 is divided by 83.
68
What is the remainder when 67 is divided by 20?
7
Calculate the remainder when 70495 is divided by 21.
19
What is the remainder when 12469 is divided by 10?
9
What is the remainder when 297 is divided by 13?
11
Calculate the remainder when 138 is divided by 16.
10
Calculate the remainder when 250 is divided by 60.
10
Calculate the remainder when 56 is divided by 41.
15
What is the remainder when 12 is divided by 2?
0
What is the remainder when 372 is divided by 94?
90
What is the remainder when 779 is divided by 38?
19
What is the remainder when 72 is divided by 28?
16
What is the remainder when 2973 is divided by 978?
39
What is the remainder when 4562 is divided by 55?
52
Calculate the remainder when 36 is divided by 15.
6
Calculate the remainder when 35769 is divided by 132.
129
Calculate the remainder when 2910 is divided by 363.
6
What is the remainder when 979 is divided by 312?
43
Calculate the remainder when 270 is divided by 21.
18
Calculate the remainder when 78 is divided by 12.
6
What is the remainder when 713 is divided by 55?
53
What is the remainder when 369 is divided by 64?
49
What is the remainder when 757 is divided by 250?
7
What is the remainder when 160 is divided by 43?
31
What is the remainder when 597 is divided by 93?
39
Calculate the remainder when 325 is divided by 41.
38
Calculate the remainder when 1049 is divided by 42.
41
Calculate the remainder when 146 is divided by 22.
14
Calculate the remainder when 669 is divided by 28.
25
Calculate the remainder when 1167 is divided by 231.
12
Calculate the remainder when 1580 is divided by 93.
92
Calculate the remainder when 175 is divided by 3.
1
Calculate the remainder when 2889 is divided by 66.
51
What is the remainder when 13258 is divided by 85?
83
What is the remainder when 554 is divided by 142?
128
Calculate the remainder when 690 is divided by 76.
6
Calculate the remainder when 22 is divided by 3.
1
What is the remainder when 264 is divided by 65?
4
Calculate the remainder when 183 is divided by 16.
7
What is the remainder when 1562 is divided by 17?
15
Calculate the remainder when 8985 is divided by 32.
25
What is the remainder when 63 is divided by 50?
13
Calculate the remainder when 293 is divided by 127.
39
Calculate the remainder when 969 is divided by 54.
51
Calculate the remainder when 178 is divided by 79.
20
Calculate the remainder when 32 is divided by 9.
5
Calculate the remainder when 2845 is divided by 86.
7
What is the remainder when 121 is divided by 121?
0
Calculate the remai